489 + -8555)
-1
What is the value of -4 + (12 + 8 - -9) - -19?
44
Calculate -705 + 680 - (-37 + (10 - 6)).
8
Calculate (44 - 2) + 42 + -60 - -20.
44
57 - (2 - (-14 - (7 + (10 - 23))))
47
Calculate -12 + (14 - (5 - -4)) + 7 + 3.
3
Evaluate -74 + -10 + 171 + -37.
50
What is the value of 15 - ((25 - 32) + 28)?
-6
What is -14 + -22 + (14 - -14) + -86?
-94
Calculate (7 - 2) + -3 + (-1 - 14 - 37) + -8.
-58
What is (-79 - -12 - (-5 + -19)) + 23?
-20
What is 112 - 111 - (-6 - -1) - -19?
25
41 + -59 - -34 - 1
15
What is the value of (-16 - (-3 + 5)) + -539 + 520?
-37
Calculate -16 + -2 + 8 + 53.
43
Calculate (-8 + -11 - -8 - 2) + 3 + 13.
3
Calculate 703 + -687 + 17 + -4 + 4.
33
What is the value of (-3 - 0) + 10 + (21 + -26 - 18)?
-16
What is the value of 41 - 24 - (12 + -5) - 7 - 12?
-9
What is -1 - (5 + -72 + 3) - ((14 - -6) + -28)?
71
-34 + (8 + 7 - (2 - -6) - (6 + 7))
-40
28 + 35 + 272 + -358
-23
What is the value of 332 + -298 + (1 - 3) + 18?
50
What is the value of -25 + 62 + -74 + 103?
66
-33 - (54 + (-42 - 46))
1
What is 13 + (-3 - 0) + -21 + 21 + 85?
95
Evaluate 12 - 20 - (-31 + -20) - (1 + 0 - -1).
41
Calculate (50 - 10) + (158 - 162).
36
What is the value of 1 + 109 + -2894 + 2714?
-70
7 + -1 - (22 + (63 - 77))
-2
What is 2 - -3 - ((-7 - -1) + -31 + 3 + -1)?
40
Calculate 1 - -11 - (2 + -5 + (-17 - -8)).
24
What is -1 + -2 + (-37 - -41) + -62 + 10 + -10?
-61
What is the value of (-107 - (-10 + 5)) + (-21 - ((0 - 24) + 8))?
-107
Evaluate 57 + (4 - -16) + -4 - (43 - 41).
71
Evaluate -36 - (30 - 17) - -35 - (-91 - -2).
75
-18 + -46 + (-6 - -44) + -71
-97
(-119 - (85 + -185)) + -39
-58
What is the value of -70 - (21 - (-3 - -49))?
-45
Calculate -10 + 3 + 0 - (-12 - (-106 + 27) - -3).
-77
What is the value of 7 + 100 + (-13 - (-1 + -18 + -4 - 1))?
118
What is 4 + 2 + -4 + 1 - (-13070 + 13115)?
-42
What is the value of (-56 - (-176 + 181 - (1 - 0))) + -10 + -10?
-80
What is the value of (-9 - (-3 + 6)) + (-23 + 30 - 2) + -14?
-21
What is 14 - (16 - -8) - 9?
-19
Calculate (33 - 27 - (16 - (3 + -3))) + 45.
35
What is -100 + (137 - (54 - 102))?
85
Calculate (34 - -18) + (-200 - -142).
-6
Evaluate 19 - 39 - -51 - -13.
44
What is 1 + 0 - 16 - (53 + 17 + -29 + -32)?
-24
-157 + (143 - 60) + 84
10
Evaluate -7 - ((26 - (26 + 20)) + -11).
24
Calculate -74 + (65 - -99) + -76.
14
What is 27 + (62 - 141) - 78?
-130
4 - (-23 + (13 - -12) - (-2 + (38 - 6)))
32
Evaluate (40 - 99 - -136) + -57.
20
What is the value of -2 - 2 - -1 - (-51 - (8 - 14))?
42
Calculate 12 - (3 + 11 + (18 + -2 - 8)).
-10
What is the value of (-22 - -18) + -2 + -14 + -52?
-72
Evaluate 26 + 0 + -8 + (70 - (2 + 0)).
86
-84 + (59 - 69) - -51
-43
(1400 + -1402 - (-20 + 1 + 2)) + -19
-4
What is the value of -40 - ((20 - (35 - 20)) + -24 + 3)?
-24
Calculate 13 - (98 + (-3 - 56) + (-1 - -2)).
-27
What is (-9 - (-6 - 1)) + -47 + 27?
-22
What is -65 + 3 - (149 + -35 - 116)?
-60
What is the value of (8 - 0) + -10 + 46 - (-8 + 8)?
44
21 - ((2 - (-7 - -4)) + (17 - 21))
20
What is (6 - -1 - 6 - 47 - -7) + 32 + -26?
-33
What is the value of -1 - ((87 - 24) + (12 - (3 + 9)))?
-64
What is the value of 0 - (-1 + 2) - ((-107 - (4 - 49)) + 56)?
5
What is the value of -6 + 54 + -61 - 8?
-21
Calculate -3 - -106 - (-12 - (22 + (14 + -13 - 45))).
93
Calculate (-42 - -93) + 17 + -19.
49
Evaluate (-31 - -1) + 9174 + -9205.
-61
(266 - 273) + ((3 - 4) + 2 - -30 - 4)
20
What is the value of 15 + (-14 - -8 - -1 - (45 - 59))?
24
What is the value of -24 + (104 - (-55 + 68))?
67
What is (-9 - (-1 - (2 + -3))) + (-42 - -1)?
-50
2092 + -2045 + (4 - 1) + -33
17
What is the value of (-103 - -48 - -46) + (0 - -6) + -20 + 1?
-22
What is the value of 13 + (-15 - (30 - 23)) + -11?
-20
What is 0 + 17 + 4 + -10 + -8 + -3?
0
What is (-2 - (9 + 1)) + (4 - (4 - 4)) - 1?
-9
What is the value of 0 - (69 - 5) - (-29 - -34 - 3)?
-66
Evaluate 51 + (-16 + -36 - 35).
-36
What is the value of -18 - ((35 - 24) + 7) - -40?
4
-14 + 48 - -16 - (-6 + 3 + 8 + -2)
47
Evaluate (-61 - (-23 - -21)) + (9 - (8 + (2 - 5))).
-55
Evaluate -2 + -83 + 9803 + -9791.
-73
What is the value of 45 + -39 - (103 - -1) - (-23 - (17 + -37))?
-95
Calculate -144 + 190 - (11 - (-3 + -1)).
31
What is the value of (-1 - 1) + -21 + (-13 - -6) + 16 + -18?
-32
What is (152 + -146 - (-3 + 6)) + (-8 - 3)?
-8
8 - ((-288 - -190) + (-1 - -27))
80
What is 51 - (36 - (18 - 29))?
4
Calculate (-3345 - -3363) + -1 + 1.
18
((0 - -10) + -3 - (-185 - -178)) + 2
16
What is -18 + -220 + 91 + 59?
-88
What is 58 + -9 - 0 - 40?
9
Evaluate (15 - -73) + -61 - 46.
-19
(-8 - 9) + (3 - 2) - -43
27
Calculate 8 - ((-86 - (79 - 156)) + (-3 - -3 - -118)).
-101
-61 + 39 + (38 - 65)
-49
Evaluate -146 + (126 - -37) + 99.
116
(-1 + 0 - 2) + (-672 - -650) - 83
-108
Evaluate 67 + (-123 - -82) + -20.
6
Evaluate (48 + 16 - -72) + -19.
117
Calculate 0 + -23 - (83 - -117 - 168).
-55
Evaluate -2 + 25 + -97 + 6 + 78.
10
What is -35 + 23 + (-1 - -2 - (1 - -6))?
-18
What is (-5 - 1) + (-4 - ((-11 - -15) + -1 + -19))?
6
What is 0 + 0 + 11 + 19 - 5?
25
117 + 62 + -72 - 124
-17
What is 24 - (-43 - 24) - (-3 + 15 - 2 - -2)?
79
-179 - 26 - -82 - -66
-57
Calculate -81 + -20 + -16 + (2 + 8 - (-13 - -11)).
-105
Evaluate -6048 + 6065 - (-1 + 62).
-44
-7 + -9 + 22 + 3 + 2 + 12
23
What is the value of (76 - 36) + -70 + (-7 - -4 - -19)?
-14
What is 95 + (1 - (22 - 27)) + -31?
70
Evaluate 46 + -11 - (-7 - 5 - 3).
50
What is the value of (-10 + 1 - (-10 + 8)) + -20 + (-28 - -14)?
-41
-5 + -20 + (-139 - -153)
-11
What is -6 + -9 + 10 + 4 - (213 + -195)?
-19
Calculate -15 + (-11 + -2 + -1 + 0 - (770 + -764)).
-35
Evaluate (-66196 - -66118) + 16 + (-1 - -3) + 0.
-60
Calculate (7 - 0 - (16 + -9)) + (-5 + 4 - 42).
-43
What is 35 - (-14 + 2 + 29 - 8 - 14)?
40
Evaluate (-39 + (-16 - -35) - 5) + -15.
-40
What is the value of -84 + (88 - 4) + 3 + 8?
11
What is the value of -54 - (-5 + -1 + -520 + 528 - -11)?
-67
Evaluate -32 + 28 + -4 - (8 + -3 - (-15 - 6)).
-34
Calculate 15 - (-33 + (57 - -19) - 34).
6
What is the value of 6 + (3 - 5) - 29 - (106 + -112)?
-19
What is (-1 + (-5 - -2) - -12) + (-40 - -56 - -9)?
33
-13 + -4 + -38 + (10 - 7) + -3
-55
Evaluate -90 - (11 - 2 - (-8 - -19 - 9) - -4).
-101
-2 - (2 + (-8 - (-7 - (3 + -6))) + -23)
23
What is the value of (2 - 0) + (2 + 3 - (3 - 8 - 45))?
57
Evaluate -35 - (-5 - (36 - 5)) - 79.
-78
What is -83 + 10 + 56 - 19?
-36
Calculate 1626 + -1769 + -3 + 72.
-74
What is the value of 8 + -1 - ((19 - 3) + (-81 - (43 + -47)))?
68
Evaluate -10 + -18 + (-18 - (-7 + -2)).
-37
What is (1 - 13) + 24 + -174 + 158?
-4
Evaluate 7 + 6 + 0 + -5 + 33 + -64.
-23
(-19 - 2) + (-880 - -907)
6
-50 + 21 - (-555 - -585)
-59
-2 - -3 - (14 + (-19 - ((9 - 21) + -5)))
-11
What is (41 + -191 - -40) + 50?
-60
11 + -14 + -26 - (2 + (1 - (-1 + 0)))
-33
(-7 - 4) + 14 + -59 + 44
-12
What is the value of 6 - (-1 + 18 + -29 + (0 - 22))?
40
-3 - (2 - 2) - (-74 + -87 + 173)
-15
4766 - 4822 - (-1 + -1)
-54
16 + (-31 + 43 - (7 + (-36 - 1)))
58
(-1 - (-16 + (1 - -8)) - 4) + 7
9
What is the value of 138 - (10 + 4 + (-3 - -4) + -8) - 8?
123
Calculate (0 + 10 - (-127 + 153)) + -8.
-24
What is 67 + (8 - 39) - (-7 - -32) - (1 - -105)?
-95
What is the value of -4 + (-6 - (-5 - (53 + -2))) + (11 - 13)?
44
Calculate (713 - 721 - (1 + (1 - 0))) + 7.
-3
Calculate (160 - 204) + (11 - (3 - (2 - 3))).
-37
-18 + 2 - (-45 - -34 - 35)
30
What is the value of 4 + 1 + 3 + 124 + (20 - 21 - 6)?
125
-14 + (-8 - -12) + 85 + (6 - 0)
81
What is the value of 16 + 8 - (11 - (8 + 5))?
26
Evaluate -8 - (-5 + (-16 - (11 - 19) - -60)).
-55
What is the value of -15 - (19 - (5 - -9) - (-3 - -2))?
-21
Calculate (-11 - ((-1 - -3) + -6 + -2 + 1)) + -11.
-17
Calculate 93 - (8 + 23 + 12).
50
Calculate (22 + -9 - -35) + (-10 - (-2 + 7)).
33
Calculate 2 + -2 + (-1 + 0 - (-20 - 9)) + -3.
25
Evaluate 0 + 21 - (-32 + 53 + -33).
33
Calculate 80 + 1 + (36 - 34) + 116 + -95.
104
What is (66 - 144 - -121) + 1 + -7 + 2 + 0?
39
6 - (-16 - (-14 + 4 + -17))
-5
What is the value of (13 - 1) + (-102 - (15 + -37 - -9))?
-77
What is the value of (-45 - -40) + 21 + 12 + 11?
39
Evaluate 16 - (85 - (8 + -5 + 6 + -6)).
-66
What is 65 + -52 + 80 - -7?
100
What is -13 + (-23 - -40) - (1 - -53) - -13?
-37
What is the value of (52 - (-88 - -120)) + -3 + -2?
15
What is 31 - (-26 + 90 + -